ided by 3?
0
Let z(p) = p**2 + 9*p - 8. Calculate the remainder when 83 is divided by z(-12).
27
Suppose -5*c + 159 = 4. Calculate the remainder when c is divided by 7 + (-4)/(-2 + 1).
9
Let f(y) = -20*y - 5. Let d be f(4). Let o = -47 - d. Calculate the remainder when o is divided by 13.
12
Suppose 13 = 2*t - 15. What is the remainder when t is divided by 5?
4
Suppose 0*c + 2*c + 2 = m, 12 = 2*m - 2*c. Suppose -l - 2*f = -2*l + m, -43 = -4*l + 5*f. What is the remainder when 21 is divided by l?
9
Suppose -30 - 41 = -3*v + b, -33 = -v - 2*b. What is the remainder when 704/10 + (-24)/(-40) is divided by v?
21
Let a = 77 + -50. What is the remainder when a is divided by 200/14 - (-6)/(-21)?
13
What is the remainder when ((-4)/(-5))/((-3)/(-270)) is divided by 25?
22
Suppose -p + 2*g + 34 = 0, 2*p - 12 - 41 = -g. What is the remainder when 139 is divided by p?
27
Suppose 0 = -2*m + 6*m - b - 44, 0 = -4*b + 16. What is the remainder when 46 is divided by m?
10
Suppose -t - t + 16 = 0. What is the remainder when t is divided by 3?
2
Suppose 4*o = i + 3, -24 + 5 = -3*i - 2*o. Let u(d) = d**3 + 6*d**2 + d + 3. Let r be u(-6). What is the remainder when i is divided by 1/2 + r/(-2)?
1
Suppose -3*q = -8*q. Suppose -2*f + 16 + 0 = q. Calculate the remainder when 13 is divided by f.
5
Suppose 5*h - 34 = 2*g, 0*h = -h - 4*g + 20. Calculate the remainder when 31 is divided by h.
7
Let z = 17 + -9. Suppose -5*a = -8 - 7. What is the remainder when z is divided by a?
2
Suppose 4*u - 130 + 30 = 0. What is the remainder when u is divided by 7?
4
Let r = 2 + -20. What is the remainder when (-392)/r + (-2)/(-9) is divided by ((-2)/5)/(2/(-40))?
6
Let t be (4 - 1) + (-4)/(-2). Suppose 3*i - 7 = t. Suppose -i*r + r = -3*j + 51, -j - 2*r + 26 = 0. What is the remainder when 59 is divided by j?
19
Suppose -4*b + 4*o = -92, 9*b + 4*o - 151 = 4*b. Suppose 4*j - 49 = 7. Calculate the remainder when b is divided by j.
13
Suppose -225 = -4*s + 10*w - 7*w, -4*w + 232 = 4*s. Calculate the remainder when s is divided by 10.
7
Let a(b) = -b - 23. Let y(c) = c + 12. Let o(s) = -4*a(s) - 7*y(s). What is the remainder when 90 is divided by o(-5)?
21
Let j(f) = 7*f + 2*f**2 + 0*f**2 + 6*f**2 + 1 - 9*f**2. Calculate the remainder when j(5) is divided by 4.
3
Let d(g) = -2*g**3 - 6*g**2 - 2*g + 1. What is the remainder when d(-3) is divided by 6?
1
Let x = -2 - -8. Let z(a) = a**3 + 6*a**2 - 2*a - 3. Calculate the remainder when z(-6) is divided by x.
3
Suppose 0 = -6*v + 4*v. Suppose -24 = -3*q + 5*k, 5*q - k - 49 - 13 = v. Calculate the remainder when 36 is divided by q.
10
Let c(u) = u**3 - 11*u**2 + 10*u + 2. Let y = -1 - -9. What is the remainder when y is divided by c(10)?
0
Suppose -98 = -10*h + 8*h. What is the remainder when h is divided by 17?
15
Calculate the remainder when 23 is divided by 4 + (2/(-6))/(4/12).
2
Suppose -5*x - x = -138. What is the remainder when x is divided by 6?
5
Let c(g) = 7*g - 11. What is the remainder when c(4) is divided by 8?
1
Suppose 0 = -c + 3*q + 24, q - 7 = -2*c + 6. Calculate the remainder when 17 is divided by c.
8
Let y(q) = q + 5. Let p be y(-5). Suppose -3*w + 13 = -4*r - 7, 3*r - 3 = p. Calculate the remainder when 21 is divided by w.
5
Suppose 0 = 4*a - i - 8, -3 = -2*a - 4*i + 1. Suppose 2*q - q + a = 0. Calculate the remainder when 19 is divided by (-1)/(2/(-18)) + q.
5
Let t(y) = y**3 - 15*y**2 + 16*y. Suppose -2*r + 2*q - 6 = -3*r, 4*q = -r - 2. What is the remainder when 55 is divided by t(r)?
27
Let i be (2/3)/(4/150). Calculate the remainder when i - -1 - (-1 + -2) is divided by 15.
14
Let m = -10 - -14. Suppose 2*o + 0*o + 4*w - 34 = 0, 43 = m*o + 3*w. What is the remainder when o is divided by 4?
3
Suppose -18 = -5*m + 3*m. Let b = 89 + -72. What is the remainder when b is divided by m?
8
Suppose 12*g - 2301 = -g. What is the remainder when g is divided by 30?
27
Suppose 2*v + 34 = 3*y - y, 4*v = 2*y - 42. What is the remainder when 25 is divided by y?
12
Suppose 2*q - 3 + 1 = -2*c, c = -5*q - 15. What is the remainder when 8 is divided by c?
3
Let s = 37 - -51. What is the remainder when s is divided by 31?
26
Let z(m) = 4*m - 27. Calculate the remainder when z(12) is divided by 8.
5
Let s(l) = l**2 - 1. Let m(o) = -o**2 - 12*o + 7. Calculate the remainder when m(-6) is divided by s(4).
13
Let l be (-3 + (-33)/(-9))*3. What is the remainder when (19 + 2 - 3)/l is divided by 5?
4
Suppose -15 = -q + 38. Suppose -2*h - x = -0*x, 2 = -x. What is the remainder when q is divided by h - -2*(-13)/(-2)?
11
Let k = 220 - 150. Calculate the remainder when k is divided by 24.
22
Let q = 18 - 18. Suppose a + q*j = -4*j - 7, -3*a = -5*j - 30. What is the remainder when 23 is divided by a?
3
Suppose -3*c + 4*c = -2, 2*c + 2 = -x. Calculate the remainder when 51 is divided by (9/x)/(3/12).
15
Suppose 3*f - 24 + 9 = 0. Let z(j) = j + 21. Calculate the remainder when z(-8) is divided by f.
3
Let z be ((-21)/(-6))/(3/6). Let b(f) = -f**2 + 9*f - 4. Calculate the remainder when 18 is divided by b(z).
8
Suppose -9 = -2*p + r + 2*r, r = p - 5. Calculate the remainder when p is divided by (30/(-50))/((-1)/5).
0
Suppose -3*r = 3*c - 6, -r = -4*c - 0 + 3. Let l(j) be the first derivative of 15*j**2 - j + 4. Calculate the remainder when l(r) is divided by 15.
14
Let l = 27 - 25. Calculate the remainder when 8 is divided by l.
0
Suppose -2*k + 69 = k. Calculate the remainder when k is divided by 12.
11
Let o = 57 + -22. Let k(n) = 10*n - 2. Calculate the remainder when o is divided by k(2).
17
Suppose 2 = 7*j - 6*j. Calculate the remainder when 18/(2 - -1) - j is divided by 2.
0
Let a = 22 + 25. Let h = 27 - 11. What is the remainder when a is divided by h?
15
Let d(l) = l**3 + l**2 - 2*l. What is the remainder when d(2) is divided by 4?
0
Let v be 38*2 - (-18)/(-9). Let w = -76 + 120. Let x = v - w. Calculate the remainder when x is divided by 11.
8
Suppose -5*d - d + 348 = 0. Calculate the remainder when d is divided by 30.
28
Let n = -69 + 71. Let m(u) = 2*u**2 + 2 - u**2 + 9*u - 3*u. What is the remainder when n is divided by m(-6)?
0
Suppose 4*h = -4*x + 156, -4*h - 5*x - 11 = -162. Calculate the remainder when h is divided by 16.
12
Suppose -117 = -x - 39. Suppose -z = 2*z - x. Calculate the remainder when z is divided by ((-18)/(-10))/(8/40).
8
Let v = 36 - -1. Let n(p) = 2*p**2 + 3*p + 4. What is the remainder when v is divided by n(-3)?
11
Let z(m) = m**2 + 3*m + 2. Let l be z(-3). Let x be (-13)/(2*(-3)/12). Suppose -l*k + x = -0*k. Calculate the remainder when k is divided by 7.
6
Suppose 2*l = 4*k + k - 11, -5*k + 53 = 4*l. What is the remainder when 27 is divided by l?
6
Suppose 0*d = -2*d + 4. Suppose -w + o + 10 = 0, 0 = 4*o - 2 - d. What is the remainder when (-10)/2*32/(-5) is divided by w?
10
Let r be (0/(-2 - 1))/(-1). Suppose r = -k + 6 - 2. Suppose -14 = 3*n - k*n. Calculate the remainder when n is divided by 5.
4
Let k be (1 - -1)/(-1) - -42. Suppose -2*d = 3*d - 2*r - 45, -r - k = -5*d. Suppose -5 = -4*q + 7. Calculate the remainder when d is divided by q.
1
Let l(p) = -2*p**3 - 2*p - 2. Suppose -2*u - 6 = -2. What is the remainder when l(u) is divided by 5?
3
Suppose -u - 88 = -4*i, -3*i + 37 = 3*u - 14. What is the remainder when 83 is divided by i?
20
Let z(b) = -3*b**3 + 3*b - 3. Let d be z(2). Let n = d - -86. What is the remainder when n is divided by (2 - 29/6)*72/(-12)?
14
Let c(d) = -14*d + 1. Calculate the remainder when c(-2) is divided by 16.
13
Let c = 57 - 30. Let u = 45 - 30. Calculate the remainder when c is divided by u.
12
Suppose 0*q - 2*q = 0. Let v(m) = m**2 + 26. Calculate the remainder when v(q) is divided by 14.
12
Let v = -51 - -93. Calculate the remainder when 83 is divided by v.
41
Let z(v) be the second derivative of v**4/12 - 4*v**3/3 - 3*v**2/2 - 2*v. What is the remainder when 32 is divided by z(10)?
15
Suppose 0 = 4*q + 2*o - 4, 0 = 5*o - 0*o + 10. Suppose -10 = -2*s + q. Calculate the remainder when s is divided by 4.
2
Let f(v) = v**2 - 10*v + 7. Let u be f(7). Let m = u + 20. Suppose -5*o = 4*r - 58, 3*r - 22 = -4*o + 24. What is the remainder when o is divided by m?
4
Let y = 18 + -7. Suppose 83 = -4*s - 105. Let r = -27 - s. What is the remainder when r is divided by y?
9
Calculate t